{"id":1079,"date":"2023-03-21T02:36:10","date_gmt":"2023-03-21T02:36:10","guid":{"rendered":"https:\/\/distribuidoravulcano.com.pe\/?page_id=1079"},"modified":"2023-05-03T16:07:31","modified_gmt":"2023-05-03T16:07:31","slug":"manto-de-control-de-erosion","status":"publish","type":"page","link":"https:\/\/distribuidoravulcano.com.pe\/?page_id=1079","title":{"rendered":"Manto de control de erosi\u00f3n"},"content":{"rendered":"\t\t<div data-elementor-type=\"wp-page\" data-elementor-id=\"1079\" class=\"elementor elementor-1079\">\n\t\t\t\t\t\t<section class=\"elementor-section elementor-top-section elementor-element elementor-element-52366ab0 elementor-section-boxed elementor-section-height-default elementor-section-height-default\" data-id=\"52366ab0\" data-element_type=\"section\" data-e-type=\"section\" data-settings=\"{&quot;background_background&quot;:&quot;slideshow&quot;,&quot;background_slideshow_gallery&quot;:[{&quot;id&quot;:1245,&quot;url&quot;:&quot;https:\\\/\\\/distribuidoravulcano.com.pe\\\/wp-content\\\/uploads\\\/2023\\\/03\\\/Imagen-carrusel-01.jpg&quot;},{&quot;id&quot;:1246,&quot;url&quot;:&quot;https:\\\/\\\/distribuidoravulcano.com.pe\\\/wp-content\\\/uploads\\\/2023\\\/03\\\/Imagen-carrusel-03.jpg&quot;},{&quot;id&quot;:1247,&quot;url&quot;:&quot;https:\\\/\\\/distribuidoravulcano.com.pe\\\/wp-content\\\/uploads\\\/2023\\\/03\\\/Imagen-carrusel-04.jpg&quot;},{&quot;id&quot;:1248,&quot;url&quot;:&quot;https:\\\/\\\/distribuidoravulcano.com.pe\\\/wp-content\\\/uploads\\\/2023\\\/03\\\/Imagen-carrusel-02.jpg&quot;}],&quot;background_slideshow_loop&quot;:&quot;yes&quot;,&quot;background_slideshow_slide_duration&quot;:5000,&quot;background_slideshow_slide_transition&quot;:&quot;fade&quot;,&quot;background_slideshow_transition_duration&quot;:500}\">\n\t\t\t\t\t\t\t<div class=\"elementor-background-overlay\"><\/div>\n\t\t\t\t\t\t\t<div class=\"elementor-container elementor-column-gap-no\">\n\t\t\t\t\t<div class=\"elementor-column elementor-col-100 elementor-top-column elementor-element elementor-element-3242d47a\" data-id=\"3242d47a\" data-element_type=\"column\" data-e-type=\"column\">\n\t\t\t<div class=\"elementor-widget-wrap elementor-element-populated\">\n\t\t\t\t\t\t<div class=\"elementor-element elementor-element-54216568 elementor-widget elementor-widget-heading\" data-id=\"54216568\" data-element_type=\"widget\" data-e-type=\"widget\" data-widget_type=\"heading.default\">\n\t\t\t\t<div class=\"elementor-widget-container\">\n\t\t\t\t\t<h1 class=\"elementor-heading-title elementor-size-default\">Manto de control de erosi\u00f3n<\/h1>\t\t\t\t<\/div>\n\t\t\t\t<\/div>\n\t\t\t\t\t<\/div>\n\t\t<\/div>\n\t\t\t\t\t<\/div>\n\t\t<\/section>\n\t\t\t\t<section class=\"elementor-section elementor-top-section elementor-element elementor-element-700b1caa elementor-section-boxed elementor-section-height-default elementor-section-height-default\" data-id=\"700b1caa\" data-element_type=\"section\" data-e-type=\"section\" data-settings=\"{&quot;background_background&quot;:&quot;classic&quot;}\">\n\t\t\t\t\t\t<div class=\"elementor-container elementor-column-gap-wide\">\n\t\t\t\t\t<div class=\"elementor-column elementor-col-100 elementor-top-column elementor-element elementor-element-316747ca\" data-id=\"316747ca\" data-element_type=\"column\" data-e-type=\"column\">\n\t\t\t<div class=\"elementor-widget-wrap elementor-element-populated\">\n\t\t\t\t\t\t<section class=\"elementor-section elementor-inner-section elementor-element elementor-element-436e85db elementor-section-boxed elementor-section-height-default elementor-section-height-default\" data-id=\"436e85db\" data-element_type=\"section\" data-e-type=\"section\">\n\t\t\t\t\t\t<div class=\"elementor-container elementor-column-gap-no\">\n\t\t\t\t\t<div class=\"elementor-column elementor-col-100 elementor-inner-column elementor-element elementor-element-427ee5cc\" data-id=\"427ee5cc\" data-element_type=\"column\" data-e-type=\"column\">\n\t\t\t<div class=\"elementor-widget-wrap elementor-element-populated\">\n\t\t\t\t\t\t<div class=\"elementor-element elementor-element-4edd1662 elementor-widget elementor-widget-text-editor\" data-id=\"4edd1662\" data-element_type=\"widget\" data-e-type=\"widget\" data-widget_type=\"text-editor.default\">\n\t\t\t\t<div class=\"elementor-widget-container\">\n\t\t\t\t\t\t\t\t\t<p>Son\u00a0Geosint\u00e9ticos elaborados con fibras naturales o sint\u00e9ticas planteadas para el control de erosi\u00f3n. Estos materiales se posicionan firmemente al terreno para que, desde el momento en que se instalen, controlen la erosi\u00f3n del suelo y eviten que la semilla sea arrastrada. Existen los mantos de control de erosi\u00f3n temporales (biomantos) y permanentes (geomantos).<\/p>\t\t\t\t\t\t\t\t<\/div>\n\t\t\t\t<\/div>\n\t\t\t\t<div class=\"elementor-element elementor-element-1db67b7d elementor-align-center elementor-widget elementor-widget-button\" data-id=\"1db67b7d\" data-element_type=\"widget\" data-e-type=\"widget\" data-widget_type=\"button.default\">\n\t\t\t\t<div class=\"elementor-widget-container\">\n\t\t\t\t\t\t\t\t\t<div class=\"elementor-button-wrapper\">\n\t\t\t\t\t<a class=\"elementor-button elementor-button-link elementor-size-sm\" href=\"https:\/\/distribuidoravulcano.com.pe\/wp-content\/uploads\/2023\/03\/MANTOS-DE-CONTROL.pdf\">\n\t\t\t\t\t\t<span class=\"elementor-button-content-wrapper\">\n\t\t\t\t\t\t\t\t\t<span class=\"elementor-button-text\">VER BROCHURE<\/span>\n\t\t\t\t\t<\/span>\n\t\t\t\t\t<\/a>\n\t\t\t\t<\/div>\n\t\t\t\t\t\t\t\t<\/div>\n\t\t\t\t<\/div>\n\t\t\t\t\t<\/div>\n\t\t<\/div>\n\t\t\t\t\t<\/div>\n\t\t<\/section>\n\t\t\t\t\t<\/div>\n\t\t<\/div>\n\t\t\t\t\t<\/div>\n\t\t<\/section>\n\t\t\t\t<section class=\"elementor-section elementor-inner-section elementor-element elementor-element-1cd3f77c elementor-section-boxed elementor-section-height-default elementor-section-height-default\" data-id=\"1cd3f77c\" data-element_type=\"section\" data-e-type=\"section\">\n\t\t\t\t\t\t<div class=\"elementor-container elementor-column-gap-wide\">\n\t\t\t\t\t<div class=\"elementor-column elementor-col-33 elementor-inner-column elementor-element elementor-element-2c05603d\" data-id=\"2c05603d\" data-element_type=\"column\" data-e-type=\"column\">\n\t\t\t<div class=\"elementor-widget-wrap elementor-element-populated\">\n\t\t\t\t\t\t<div class=\"elementor-element elementor-element-2b4b5326 elementor-position-top elementor-widget elementor-widget-image-box\" data-id=\"2b4b5326\" data-element_type=\"widget\" data-e-type=\"widget\" data-widget_type=\"image-box.default\">\n\t\t\t\t<div class=\"elementor-widget-container\">\n\t\t\t\t\t<div class=\"elementor-image-box-wrapper\"><figure class=\"elementor-image-box-img\"><img fetchpriority=\"high\" decoding=\"async\" width=\"940\" height=\"788\" src=\"https:\/\/distribuidoravulcano.com.pe\/wp-content\/uploads\/2023\/03\/Diseno-sin-titulo-2023-03-24T154134.555.png\" class=\"elementor-animation-shrink attachment-full size-full wp-image-1250\" alt=\"\" srcset=\"https:\/\/distribuidoravulcano.com.pe\/wp-content\/uploads\/2023\/03\/Diseno-sin-titulo-2023-03-24T154134.555.png 940w, https:\/\/distribuidoravulcano.com.pe\/wp-content\/uploads\/2023\/03\/Diseno-sin-titulo-2023-03-24T154134.555-300x251.png 300w, https:\/\/distribuidoravulcano.com.pe\/wp-content\/uploads\/2023\/03\/Diseno-sin-titulo-2023-03-24T154134.555-768x644.png 768w\" sizes=\"(max-width: 940px) 100vw, 940px\" \/><\/figure><div class=\"elementor-image-box-content\"><h3 class=\"elementor-image-box-title\">Biomanto<\/h3><p class=\"elementor-image-box-description\">Es un sistema de revestimiento de taludes, cuya matriz est\u00e1 fabricada con fibras naturales de paja agr\u00edcola y\/o coco y estabilizada contra rayos UV. Su empleo es para aplicaciones temporales (hasta 2 a\u00f1os), o en canales de poco flujo.<\/p><\/div><\/div>\t\t\t\t<\/div>\n\t\t\t\t<\/div>\n\t\t\t\t\t<\/div>\n\t\t<\/div>\n\t\t\t\t<div class=\"elementor-column elementor-col-33 elementor-inner-column elementor-element elementor-element-313317bf\" data-id=\"313317bf\" data-element_type=\"column\" data-e-type=\"column\">\n\t\t\t<div class=\"elementor-widget-wrap elementor-element-populated\">\n\t\t\t\t\t\t<div class=\"elementor-element elementor-element-3fc9b136 elementor-position-top elementor-widget elementor-widget-image-box\" data-id=\"3fc9b136\" data-element_type=\"widget\" data-e-type=\"widget\" data-widget_type=\"image-box.default\">\n\t\t\t\t<div class=\"elementor-widget-container\">\n\t\t\t\t\t<div class=\"elementor-image-box-wrapper\"><figure class=\"elementor-image-box-img\"><img decoding=\"async\" width=\"940\" height=\"788\" src=\"https:\/\/distribuidoravulcano.com.pe\/wp-content\/uploads\/2023\/03\/Diseno-sin-titulo-2023-03-24T154202.688.png\" class=\"elementor-animation-shrink attachment-full size-full wp-image-1251\" alt=\"\" srcset=\"https:\/\/distribuidoravulcano.com.pe\/wp-content\/uploads\/2023\/03\/Diseno-sin-titulo-2023-03-24T154202.688.png 940w, https:\/\/distribuidoravulcano.com.pe\/wp-content\/uploads\/2023\/03\/Diseno-sin-titulo-2023-03-24T154202.688-300x251.png 300w, https:\/\/distribuidoravulcano.com.pe\/wp-content\/uploads\/2023\/03\/Diseno-sin-titulo-2023-03-24T154202.688-768x644.png 768w\" sizes=\"(max-width: 940px) 100vw, 940px\" \/><\/figure><div class=\"elementor-image-box-content\"><h3 class=\"elementor-image-box-title\">Geomanto<\/h3><p class=\"elementor-image-box-description\">Las geomantas son materiales geosint\u00e9ticos que tienen la funci\u00f3n la de servir como un sistema de control de erosi\u00f3n en taludes que normalmente carecen de vegetaci\u00f3n. <\/p><\/div><\/div>\t\t\t\t<\/div>\n\t\t\t\t<\/div>\n\t\t\t\t\t<\/div>\n\t\t<\/div>\n\t\t\t\t<div class=\"elementor-column elementor-col-33 elementor-inner-column elementor-element elementor-element-51d1536d\" data-id=\"51d1536d\" data-element_type=\"column\" data-e-type=\"column\">\n\t\t\t<div class=\"elementor-widget-wrap\">\n\t\t\t\t\t\t\t<\/div>\n\t\t<\/div>\n\t\t\t\t\t<\/div>\n\t\t<\/section>\n\t\t\t\t<\/div>\n\t\t","protected":false},"excerpt":{"rendered":"<p>Manto de control de erosi\u00f3n Son\u00a0Geosint\u00e9ticos elaborados con fibras naturales o sint\u00e9ticas planteadas para el control de erosi\u00f3n. Estos materiales se posicionan firmemente al terreno para que, desde el momento en que se instalen, controlen la erosi\u00f3n del suelo y eviten que la semilla sea arrastrada. Existen los mantos de control de erosi\u00f3n temporales (biomantos) [&hellip;]<\/p>\n","protected":false},"author":1,"featured_media":0,"parent":0,"menu_order":0,"comment_status":"closed","ping_status":"closed","template":"","meta":{"site-sidebar-layout":"no-sidebar","site-content-layout":"page-builder","ast-site-content-layout":"default","site-content-style":"default","site-sidebar-style":"default","ast-global-header-display":"","ast-banner-title-visibility":"","ast-main-header-display":"","ast-hfb-above-header-display":"","ast-hfb-below-header-display":"","ast-hfb-mobile-header-display":"","site-post-title":"disabled","ast-breadcrumbs-content":"","ast-featured-img":"disabled","footer-sml-layout":"","ast-disable-related-posts":"","theme-transparent-header-meta":"","adv-header-id-meta":"","stick-header-meta":"","header-above-stick-meta":"","header-main-stick-meta":"","header-below-stick-meta":"","astra-migrate-meta-layouts":"default","ast-page-background-enabled":"default","ast-page-background-meta":{"desktop":{"background-color":"var(--ast-global-color-4)","background-image":"","background-repeat":"repeat","background-position":"center center","background-size":"auto","background-attachment":"scroll","background-type":"","background-media":"","overlay-type":"","overlay-color":"","overlay-opacity":"","overlay-gradient":""},"tablet":{"background-color":"","background-image":"","background-repeat":"repeat","background-position":"center center","background-size":"auto","background-attachment":"scroll","background-type":"","background-media":"","overlay-type":"","overlay-color":"","overlay-opacity":"","overlay-gradient":""},"mobile":{"background-color":"","background-image":"","background-repeat":"repeat","background-position":"center center","background-size":"auto","background-attachment":"scroll","background-type":"","background-media":"","overlay-type":"","overlay-color":"","overlay-opacity":"","overlay-gradient":""}},"ast-content-background-meta":{"desktop":{"background-color":"var(--ast-global-color-5)","background-image":"","background-repeat":"repeat","background-position":"center center","background-size":"auto","background-attachment":"scroll","background-type":"","background-media":"","overlay-type":"","overlay-color":"","overlay-opacity":"","overlay-gradient":""},"tablet":{"background-color":"var(--ast-global-color-5)","background-image":"","background-repeat":"repeat","background-position":"center center","background-size":"auto","background-attachment":"scroll","background-type":"","background-media":"","overlay-type":"","overlay-color":"","overlay-opacity":"","overlay-gradient":""},"mobile":{"background-color":"var(--ast-global-color-5)","background-image":"","background-repeat":"repeat","background-position":"center center","background-size":"auto","background-attachment":"scroll","background-type":"","background-media":"","overlay-type":"","overlay-color":"","overlay-opacity":"","overlay-gradient":""}},"footnotes":""},"class_list":["post-1079","page","type-page","status-publish","hentry"],"_links":{"self":[{"href":"https:\/\/distribuidoravulcano.com.pe\/index.php?rest_route=\/wp\/v2\/pages\/1079","targetHints":{"allow":["GET"]}}],"collection":[{"href":"https:\/\/distribuidoravulcano.com.pe\/index.php?rest_route=\/wp\/v2\/pages"}],"about":[{"href":"https:\/\/distribuidoravulcano.com.pe\/index.php?rest_route=\/wp\/v2\/types\/page"}],"author":[{"embeddable":true,"href":"https:\/\/distribuidoravulcano.com.pe\/index.php?rest_route=\/wp\/v2\/users\/1"}],"replies":[{"embeddable":true,"href":"https:\/\/distribuidoravulcano.com.pe\/index.php?rest_route=%2Fwp%2Fv2%2Fcomments&post=1079"}],"version-history":[{"count":11,"href":"https:\/\/distribuidoravulcano.com.pe\/index.php?rest_route=\/wp\/v2\/pages\/1079\/revisions"}],"predecessor-version":[{"id":1319,"href":"https:\/\/distribuidoravulcano.com.pe\/index.php?rest_route=\/wp\/v2\/pages\/1079\/revisions\/1319"}],"wp:attachment":[{"href":"https:\/\/distribuidoravulcano.com.pe\/index.php?rest_route=%2Fwp%2Fv2%2Fmedia&parent=1079"}],"curies":[{"name":"wp","href":"https:\/\/api.w.org\/{rel}","templated":true}]}}